f?
8
Let l(g) = -g**3. Suppose 2*x - 6 = 4*x. Let y be l(x). Let h = 62 - y. What is the units digit of h?
5
Let i(b) = -46*b + 65. Let z be (-1)/(-3) + 65/(-15). What is the units digit of i(z)?
9
Let r(y) be the first derivative of 2*y**3/3 + 11*y**2/2 + 20*y + 10. What is the tens digit of r(-9)?
8
Let q(p) = -1026*p**3 - 4*p**2 + 6*p + 9. What is the units digit of q(-1)?
5
Suppose 5*z = 3 + 2. Let b(k) be the second derivative of k**5/2 + k**2/2 + 211*k. What is the units digit of b(z)?
1
Let y = -53 + 55. Suppose -k = -y*k + 83. What is the tens digit of k?
8
Let v(c) = -c**3 + c**2 + 91. Suppose 0 = -3*n + n. Let h be v(n). Suppose 0 = 5*w - h + 11. What is the tens digit of w?
1
Let s = 2091 + -1435. Suppose -6*m = -s + 86. What is the tens digit of m?
9
Suppose -542 - 358 = -3*a. Let h = a + -142. What is the hundreds digit of h?
1
Let u be 16*((-15)/6 + 3). Let h be (-830)/u + 9/(-36). Let s = -56 - h. What is the units digit of s?
8
Let p be -3*2/4*-4. Let g be (-12)/(-18)*225/p. Let o = g - -28. What is the tens digit of o?
5
Let p(u) = -u**2 + 12*u + 1. Let n = 3 - -3. Let r be p(n). Suppose 124 + r = 5*i + 4*j, 3*i + 3*j = 99. What is the units digit of i?
9
Let u be (6 - (-50)/(-15))*(-6)/(-4). Suppose -u*m - 2*j = -18, -3*j + j - 18 = -2*m. What is the units digit of m?
6
Let g = 3089 + -2370. What is the tens digit of g?
1
Let o = -44 + 48. Suppose -1573 = o*f - 15*f. What is the tens digit of f?
4
Suppose -5*y - 32 = -0*n - 2*n, 4*n - 120 = -4*y. Let b(l) = -55*l - 32. Let q be b(-1). Let i = n - q. What is the units digit of i?
3
Suppose -12*d + 4*d - 1240 = 0. Let u = d - -229. What is the units digit of u?
4
Let f = 22 - 23. Let s be (0/f - -4)*1. Suppose 7*p - 90 = s*p. What is the units digit of p?
0
What is the units digit of (-468)/(-3 - -9)*-3?
4
Suppose 11 = -w + 34. What is the tens digit of 34 + 1 + -21 + w?
3
Let o = 142 + -52. Suppose 4*c + o + 106 = 0. Let b = c - -100. What is the tens digit of b?
5
Let h be 12/(-48) + (-34)/(-8). Suppose -h*m + 256 + 8 = 0. What is the tens digit of m?
6
Let s = 87 - 52. Let y = s - 50. Let j(w) = -3*w. What is the tens digit of j(y)?
4
Suppose 0*j = 4*j + 8, -162 = -2*s + 2*j. Let f = -4 + s. What is the tens digit of f?
7
Let v(i) = -2*i - 1. Let n be v(-1). Let k(x) = 90*x**2 + x - 1. Let d be k(n). Suppose 3*j - d = -3*f, -4*f = -0*f. What is the units digit of j?
0
Let y = 37 + -26. Let l be ((-90)/15)/(1/(-2)). Let k = l + y. What is the units digit of k?
3
Let d(s) be the third derivative of 59*s**6/24 - s**5/12 + s**4/12 - s**3/6 - 36*s**2. What is the hundreds digit of d(1)?
2
Let t(f) = 2*f - 8. Let k be t(5). Suppose -2*h + 5*g = -184, h - k*g + 5*g - 92 = 0. What is the tens digit of h?
9
Suppose -2*t + 546 = -58. What is the units digit of t?
2
Let s = -31 - -36. Suppose -n - s*q + 297 = n, 2*n = 3*q + 305. What is the hundreds digit of n?
1
Suppose -5*y + 4*y + 2856 = -5*i, -3*y + 3*i + 8580 = 0. What is the hundreds digit of y?
8
Suppose 4*p = 3*t - 601, -4*t + 215 = -3*t - 5*p. What is the units digit of t?
5
Suppose 5*t - 2*p - 4912 = 0, -1988 = -2*t - 5*p - 0*p. What is the tens digit of t?
8
Let n(p) = -221*p**3 - p**2 + 1. Let v be n(-1). Let t = -157 + v. What is the tens digit of t?
6
Suppose -k + 5*a = 9, 4*k = k + 4*a + 17. What is the tens digit of k?
1
Suppose 0 = -2*h - 2*t - t + 35, 0 = 5*h + 5*t - 100. Let w = -19 + h. What is the units digit of ((-21)/(-2) - 1)*w?
7
Let l be ((-8)/(-14))/(27/21 - 1). Suppose -3*z = l*z - 1595. What is the tens digit of z?
1
Suppose -2*f + 4*f = i + 10816, -3*f - 2*i + 16217 = 0. What is the hundreds digit of f?
4
Let i(v) = -3*v**2 - 2*v + 121. Let t(l) = -4*l**2 - 3*l + 122. Let g(z) = 3*i(z) - 2*t(z). What is the units digit of g(0)?
9
Let t be 34/6 + (-2)/3. Suppose 0 = -2*n - 3*z + 12, -z - 2 = -3*n + 5. Suppose 0*f = t*f + n*a - 5, 2*a = -5*f + 10. What is the units digit of f?
4
Suppose -470 = -9*o + 664. What is the hundreds digit of o?
1
Suppose -2*s + 3902 = -2494. What is the units digit of s?
8
What is the tens digit of -2271*4/(-36) + (-6)/18?
5
Let a be (-4)/14 - (-12)/(-7). What is the hundreds digit of (-1236)/8*a/3?
1
Let u(c) = 3*c + 7. Let s be u(-2). What is the units digit of (3 - (s + 0)) + 39 + 11?
2
Suppose 395*l = 402*l - 26467. What is the tens digit of l?
8
Suppose -218 = -5*y - 208. Suppose y*q - b = 101, 2*b - 283 = -5*q - 35. What is the tens digit of q?
5
Let d(y) = 1585*y + 92. What is the units digit of d(3)?
7
Suppose -3*d + 2*j = -962, 3*j + 345 + 615 = 3*d. What is the units digit of d?
2
Suppose -4*o = h - 4*h + 650, -5*h - o + 1068 = 0. What is the tens digit of h?
1
Let c be 5 - (-9)/(27/(-6)). Suppose c*h + 22 = 91. What is the tens digit of h?
2
What is the units digit of -1 + 3 - (-124 + 3)?
3
Suppose -15*j - 34720 = -55*j. What is the hundreds digit of j?
8
Suppose -5*b + 4*o + 696 = 0, 5*o = -4*b + 177 + 388. What is the tens digit of (-2 - 1)*b/(-15)?
2
Let q(u) be the second derivative of -5*u**3/3 - 17*u**2/2 + u + 2. Let d = -13 - -6. What is the units digit of q(d)?
3
What is the hundreds digit of ((-9 - -8)*-14)/(1/31)?
4
Let r(f) be the first derivative of 5*f**2/2 + 2*f + 8. What is the units digit of r(7)?
7
Let r(l) = -l**3 - 6*l - 32. What is the hundreds digit of r(-8)?
5
Let z = -520 + 905. What is the units digit of z?
5
Let f = -475 + 1271. What is the units digit of f?
6
Let s(b) = b**2 + 11*b - 3. Let v be s(-14). Let i = v - 26. Suppose -5*k + i = -117. What is the units digit of k?
6
Let m = 69 - 44. What is the units digit of m?
5
Suppose 0 = -o + 5*m + 27, 4*m = -3*o + 2*o - 18. Suppose -33 = o*k + 21. Let p = 53 + k. What is the units digit of p?
6
Let s(a) = -9*a + 9. Let r(w) = 4*w - 4. Let l(v) = 13*r(v) + 6*s(v). Let p be l(-4). Suppose -3*c = -0*c + 3*f - 18, p = c + 2*f. What is the units digit of c?
2
Let u(c) = c**3 + 9*c**2 + 7*c + 5. Let p be u(-8). Suppose 4*t = -5*n + p, 4*t + 0*n = -3*n + 11. What is the units digit of t?
2
Let o = -174 + 980. What is the hundreds digit of o?
8
What is the units digit of (-1 - 0)*(0 + 2 - 95)?
3
Let b be ((-55)/20)/((-2)/8). Suppose b*l = 5*l. Suppose -2*x + 7 + 37 = l. What is the tens digit of x?
2
Let k be 3/(-12) - (-170)/8. Let w = 69 - k. What is the tens digit of w?
4
Suppose o + 30 = -0*o + 4*v, 5*o - 4*v + 70 = 0. Let r = o + 73. What is the units digit of r?
3
Let g be (-2)/(-5) + 158/5. Let c(w) = -w**3 - 16*w**2 + 56*w - 16. Let d be c(-19). Let l = d + g. What is the tens digit of l?
3
Let c = -731 - -1564. What is the hundreds digit of c?
8
Let u(c) = -c + 4. Let x be u(4). Let y(b) = -b + 17. Let h be y(x). Let m = 1 + h. What is the tens digit of m?
1
Suppose r + 0*r + 2*t = -98, 5*r + 5*t + 515 = 0. Let g = -37 - r. What is the units digit of g?
1
Let b(y) be the first derivative of 137*y**4/4 - 2*y**3/3 + y**2/2 + 2*y - 27. What is the hundreds digit of b(1)?
1
Let r = -493 + 905. What is the tens digit of r?
1
Let t = 335 - 235. Suppose t = r - 24. What is the units digit of r?
4
Suppose 0 = -2*y + 6*y - 8. Suppose 2*c - 51 = 3*h, h = -5*c - y*h + 96. What is the units digit of c?
1
Suppose 3*g + 744 = 6*v - 3*v, -4*v = -g - 1007. Suppose s = -3*p + 6*s + 408, v = 2*p + 3*s. What is the units digit of p?
1
Let v = 59 - 44. Let h = 13 + -23. Let x = h + v. What is the units digit of x?
5
Let q(j) = 2*j + 1. Let v be q(2). Suppose -d + 3 = -4*c + v*c, -3*d - 11 = -2*c. Suppose 3*u = -4*x + 39, -71 = -4*u + c*x - 3*x. What is the units digit of u?
7
Let s = -614 + 897. What is the hundreds digit of s?
2
Let a(z) = -z**2 - z + 1. Let y be a(-4). Let x = 12 + y. Let g(t) = 16*t**3 + 1. What is the tens digit of g(x)?
1
Let p = 3 - 0. Let o be 10/(-4)*16/(-10). Suppose -5*h - o*x + p = -34, 0 = -h + 4*x - 7. What is the units digit of h?
5
Suppose -554*c = -562*c + 104. Suppose 5*o - 546 = -u - u, 2*o - 219 = -u. Suppose -16*l = -c*l - o. What is the units digit of l?
6
Suppose 14*d - 230 = 4*d. Suppose -5*j = -4*j - d. What is the tens digit of j?
2
Suppose -17*q + 9794 = -6356. What is the hundreds digit of q?
9
Let w = -112 - -72. Let i = -10 - w. What is the units digit of i?
0
Let o(l) = 4*l**3 - 22*l**2 + 3*l + 38. What is the hundreds digit of o(13)?
1
Suppose 65 - 17 = 2*v. What